57 = -9. Suppose -16160 = -22*s + d*s. What are the prime factors of s?
2, 5, 101
Let l(y) = 8*y**2 - 10. Let c be l(-3). What are the prime factors of c*((-12)/(-3))/1?
2, 31
Let a = -71 + 81. Let l be (-3)/(-6)*-1 + 2605/a. Suppose l = -19*i + 2711. What are the prime factors of i?
3, 43
Let y = -431 + 435. Suppose -y*q = -4*l + 4152, 3*l - 2082 = l - q. What are the prime factors of l?
2, 5, 13
Suppose -146331 - 250481 = -26*f. What are the prime factors of f?
2, 13, 587
Suppose -5*v + 8*x - 3*x = -46530, 0 = -2*v + x + 18615. What are the prime factors of v?
3, 29, 107
Suppose 2*b + 35456 = -10*b + 119456. List the prime factors of b.
2, 5, 7
Let j be 1 + 0 - (10 + -5). Let t be (8/j - -7) + -2 + 12. Suppose -3*u - t = 0, -5*d + 275 = -u - u. List the prime factors of d.
53
List the prime factors of 1/(12/(-1504))*11/(132/(-2799)).
2, 47, 311
Let g(p) = 2*p**3 + 146*p**2 - 729*p - 45. What are the prime factors of g(-77)?
2, 541
Let b(f) = 217*f**2 + 64*f + 33. What are the prime factors of b(6)?
3, 13, 211
Let k = -106 - -246. Suppose -2*u = 4*n - 30, -2*n + 4*u + 30 = -0*u. Suppose -k = -n*g + 8*g. What are the prime factors of g?
2, 5, 7
Let h(j) = 364*j**2 - 52*j - 34. What are the prime factors of h(6)?
2, 6379
Suppose -1893 + 521 = 7*j. What are the prime factors of -30*(j/20 + 1)?
2, 3, 11
Let o be (0 - 3) + 5*24/20. Suppose -o*a - 8 = -8. Suppose a = f + 2*f - 93. What are the prime factors of f?
31
Let c(a) = 4*a - 14. Let n be 54/(-2) + -19 + 18. Let z be (63/n)/((-2)/8). What are the prime factors of c(z)?
2, 11
Suppose -2*p - 3*f - 71840 = 3*p, -3*p - 43070 = -5*f. Let q be p/(-78) - (-1)/(-6). Suppose 3*n - q = -n. What are the prime factors of n?
2, 23
Suppose 8*m + 13260 = 14*m. Let a = -1500 + m. Suppose 7*w + 17 - a = 0. List the prime factors of w.
3, 11
Let p be 11/1*45/5. Let t(z) = -17*z + 12. Let a be t(3). Let l = a + p. List the prime factors of l.
2, 3, 5
Let p(y) = -y**3 - 6*y**2 - 7*y + 3. Let j = 9 + -6. Suppose 5*c - j*c = -12. List the prime factors of p(c).
3, 5
Suppose 49377 = 5*g + 5*j - 124468, -4*g + 139068 = -4*j. List the prime factors of g.
2, 41, 53
Let t(h) = -h**2 - h + 112. Let j be t(0). Suppose 2*m - 126 = j. What are the prime factors of m?
7, 17
Let z = -173 + 177. List the prime factors of z/(-12) - 440/(-24).
2, 3
Let p = 14867 - 9887. List the prime factors of p.
2, 3, 5, 83
Let n = 1658 + 6462. List the prime factors of n.
2, 5, 7, 29
What are the prime factors of (3888192/1512)/((-1)/(-9))?
2, 11, 263
Let d(g) = -100*g + 1868. What are the prime factors of d(0)?
2, 467
Suppose 0 = 295*g - 291*g + 24. What are the prime factors of (-195)/g*(32/(-20) - -2)?
13
Suppose -2*m - 4*q - 135 - 13 = 0, 4*m = 2*q - 306. What are the prime factors of 28620/57 - (6 + 448/m)?
2, 251
Let q(g) = 11*g**2 + 75*g - 896. What are the prime factors of q(-44)?
2, 3, 5, 19
Suppose 161030 + 475294 = -57*k + 69*k. List the prime factors of k.
13, 4079
Suppose 2*c = -5*x - 4217 + 1221, 0 = -2*x - 3*c - 1205. Let v = x + 1047. What are the prime factors of v?
449
Let s = 18 - 14. Suppose -x = 4, 3*v - x = -s*x + 294. Suppose -3*k + 6*k = -q + 49, -5*k = 2*q - v. List the prime factors of q.
61
List the prime factors of (-27 + 7 + 7)/((-11218)/5608 - -2).
2, 13, 701
Let n(t) = -t**3 - 12*t**2 - 28*t - 51. What are the prime factors of n(-29)?
2, 7529
Let y(l) = 109*l + 2872. What are the prime factors of y(-26)?
2, 19
Let x(k) = 2*k**2 + 3*k - 13. Suppose 3*h = 6*h - j - 185, 5*h + 3*j = 313. Let u = h - 55. List the prime factors of x(u).
2, 53
Let x = 129654 - 78887. List the prime factors of x.
50767
Let r be 57 - 52 - ((-6)/(-2) - 0). Suppose 3*t - 4*a - 60 = 0, -r*t + 42 = -0*a - 2*a. List the prime factors of t.
2, 3
Let k = 167423 + -113185. List the prime factors of k.
2, 47, 577
Suppose 4*f + 3*k = -2*k + 55, -4*f + 2*k + 90 = 0. Let r(p) = p**3 + 9*p**2 - 2*p - 13. Let x be r(-9). List the prime factors of ((-772)/f)/((-1)/x).
193
Let x = 15539 + 619. List the prime factors of x.
2, 3, 2693
Suppose 0 = -3*l + 2*g + 5 + 7, -3*l - g = -12. Suppose -p + l*z - 32 = 0, z - 29 = p - 0*z. Let h = 54 + p. List the prime factors of h.
2, 13
Suppose -80*v = -79*v - 4, -4*n + 16740 = 4*v. List the prime factors of n.
37, 113
What are the prime factors of -4*((3 - (-2 + 4)) + (-1116135)/68)?
65651
Let j(k) = -2258*k - 6. Let l be j(-1). Suppose -26*c + 22*c + l = 0. List the prime factors of c.
563
Let t(i) = 6*i - 5. Let m be t(12). Suppose 8*x - m + 11 = 0. Suppose -4*n + c + 483 = 0, 2*c - 376 = -x*n + 4*n. What are the prime factors of n?
2, 61
Let y = -1272 - -1859. Let w = y + -378. Suppose -c = 10*c - w. List the prime factors of c.
19
Suppose 148*f - 28640 = 140*f. Suppose -4*i - 3*j + f = 0, i - 8*j - 918 = -3*j. What are the prime factors of i?
2, 449
Let d(s) = -11*s**3 + 7 - 1 + s + 8*s + 10*s**3 + 5*s**2. Let j be d(-7). List the prime factors of 4*(-1)/(-7) + j/63.
3
Let r = 76 + -64. Let z be (1 - -4)/(3/r). What are the prime factors of ((-154)/(-8) - 0) + (-5)/z?
19
Suppose 42 + 68 + 42 = 38*k. Let a be 0/((-3 + -1)/2). Suppose 0 = -3*z + 15, -k*q - 4*z + 469 + 75 = a. List the prime factors of q.
131
Suppose -4*g = 4*r - 16, -2*r - r = 5*g - 14. What are the prime factors of r + 0 + 1250 + (4 - 7)?
2, 5
Let m = -35340 + 50759. List the prime factors of m.
17, 907
Suppose -l = 4, 58*l - 63*l = 2*i - 16690. What are the prime factors of i?
3, 5, 557
Suppose 221*i = 215*i + 114. Let r = 159 - 112. Let l = r - i. List the prime factors of l.
2, 7
List the prime factors of ((-30)/(-20))/((-16)/(-174432)).
3, 23, 79
Let o(w) = -107*w**2 + 1. Let g be o(-1). Let v = -3 - g. What are the prime factors of v?
103
Let m be 2/(3/((-60)/(-8))). Suppose 2*i - 8 = 0, -m*q - i = -2*i - 326. List the prime factors of q.
2, 3, 11
Suppose 27*j - 33*j + 1458 = 0. List the prime factors of 0 + -1 + -16 + j.
2, 113
Let w(i) = -i**3 - 6*i**2 - 12*i - 39. Let o be w(-10). Suppose -2*d = -o - 1461. What are the prime factors of d?
971
Let b = -2 + 2. Suppose 35*z - 36*z + 385 = b. List the prime factors of z.
5, 7, 11
Suppose 7*i - 2*i = 2*g + 2, 2*g = -2*i + 12. Suppose 2440 = i*y + 6*y. List the prime factors of y.
5, 61
Suppose 0*n = -n - q + 63, n - 2*q - 69 = 0. Let x(p) = 6*p**2 + 208*p + 8. Let z be x(-35). Let s = z - n. List the prime factors of s.
13
Suppose -8 = -4*j + 8, 2*n + 5*j = 688. Suppose 60*f + n = 58*f. List the prime factors of f*(-3 + (-4)/(-2)).
167
Suppose -2*x - 10 = q - 30, -4*x - 28 = 0. List the prime factors of q.
2, 17
What are the prime factors of -17 + 7 + -100*(-1065)/5?
2, 5, 2129
Suppose 5*y + 0*y = 1445. Suppose -2*z + y = 43. Suppose -3*h = -4*f - 95, 0 = 2*h + h + 3*f - z. What are the prime factors of h?
37
Suppose -s + 4*q + q - 13 = 0, 5*s - 23 = 3*q. Suppose 2*a = -s*h + 6*h + 1356, 0 = -4*a + 5*h + 2712. List the prime factors of a.
2, 3, 113
Suppose 21*b + 41*b - 305970 = 0. List the prime factors of b.
3, 5, 7, 47
Let z = -118 + 13. What are the prime factors of 306/8*(-1960)/z?
2, 3, 7, 17
Suppose -36 = 3*u + d, 5*u + 4 = d - 64. Let v(f) = -40*f - 84. List the prime factors of v(u).
2, 109
Suppose 7 - 16 = 3*h. Let a be (-5)/(h - (-3)/6). Suppose -a*x - r = -6*r - 49, 0 = x - 4*r - 23. List the prime factors of x.
3
Let h = -81 + 76. Let g be h/5*(1 - -59). What are the prime factors of 3 + (-1)/(3/4)*g?
83
Suppose -34*s + 7745 + 21291 = 0. List the prime factors of s.
2, 7, 61
Let b be (-6)/4 + 1 - 4845/(-34). Let x = 85 - b. List the prime factors of ((-5)/1 - x)*4.
2, 13
Let g(f) = -3*f**3 + 16*f**2 + 24*f + 380. List the prime factors of g(-18).
2, 5657
Let l(f) = 75*f**3 - f**2 + 2*f - 2. What are the prime factors of l(2)?
2, 13, 23
List the prime factors of (90 - -9201)*(0 - 6/(-9)).
2, 19, 163
Let v(w) = 10559*w - 11. What are the prime factors of v(1)?
2, 3, 293
Suppose -31*y = -3208575 + 624353. What are the prime factors of y?
2, 41681
Let o = -31 - 34. Let p be (-15)/(-35) - 6808/(-56). Let r = p + o. What are the prime factors of r?
3, 19
Let x = 720 + -328. Let d = -100 + x. Suppose -4*u + 2*z + d = -z, -2*z - 144 = -2*u. What are the prime factors of u?
2, 19
Suppose -4*u = -5*y - 2, 88*y - 92*y = 5*u - 23. Suppose -2*b + 2 = 0, u*h - b - 2857 = -107. What ar